-8
38 - (65 - (15 + 23))
11
What is -8 - -10 - (-3 + -19 - -13)?
11
Calculate -9 + -14 + 12 + (8 - -1).
-2
Calculate -5 - ((9 - 19) + 17).
-12
Calculate 6 - (-5 + 40 + -17).
-12
Evaluate (15 - 11 - (-22 - -15)) + -5.
6
Evaluate -28 - -3 - (78 + -124).
21
Evaluate -16 - -22 - 12 - (7 - (2 + -1)).
-12
Calculate -26 + 39 + 10 - 20.
3
Calculate (1 - -41) + -250 + 220.
12
Calculate -8 + (2 + 12 - 1) - (-3 - 0).
8
Calculate 16 - ((-17 - -12) + (2 - -6)).
13
What is -2 + 6 + -13 + 3 + (-7 - -3)?
-10
19 - ((36 - 7) + -14 + -19)
23
Evaluate 3 - (5 - (6 - 1) - 7).
10
(112 - 124 - (-2 - 11)) + -25 + -1
-25
Calculate (-5 - -33) + 63 + -83.
8
Evaluate 559 + -583 - (1 + -39).
14
Evaluate 34 - 38 - (5 + -2 + 2).
-9
Evaluate (1 - (2 + -1) - -3) + -4 + 0.
-1
What is the value of 0 + 1 - (-10 + 4 + 6) - -4?
5
Evaluate (-3 - -15) + -11 - 30.
-29
What is the value of (-3 - -16) + -10 - (-8 - 1)?
12
Evaluate 2 + -31 + (19 - 5) - -14.
-1
Calculate 3 + (1 + 4 + 0 - (-29 - -31)).
6
What is -17 + -2 + (11 - (-3 + (-4 - -8)))?
-9
(2 - -4) + (-33 - -36) + 10
19
Evaluate 1 - 15 - (0 + 6 + -8).
-12
Evaluate -3 - 3 - -11 - (9 - -25).
-29
What is -14 + 28 + -17 + -1 + 9?
5
What is 44 + 0 + -3 - (22 + -52 + 41)?
30
Evaluate (13 - 0) + -21 + 17 + (-1 - 7).
1
What is the value of 4 + 2 - (8 + (2 - (-4 - -15)))?
7
What is 12 - (22 + -21) - (14 + 0)?
-3
Calculate 13 + (-7 - -33) + -26.
13
What is (13 - 12 - -13) + -15?
-1
Calculate 32 + (2 - 9 - 11) - 12.
2
619 + -636 + (0 - -4)
-13
What is the value of 69 + -36 + -20 + 16?
29
What is the value of 25 + (-1 - (3 - -8) - -9) + 2?
24
What is 18 + (-5 - ((-2 - -7) + -26 + 23))?
11
Evaluate 17 - (243 - 228 - (-1 + 1)).
2
What is (26 + -6 + 10 - 6) + -9?
15
(18 - 6 - 21) + 11
2
Evaluate -10 + (-2 - 5) + (0 - (-22 + 13)).
-8
(3 - (-3 + 7)) + -6 - -17
10
What is 1 - 9 - (-23 - (49 + -56))?
8
What is the value of (-12 - -6 - -6) + -3?
-3
17 + 3 + -9 + 10 + 1
22
Calculate (-1 - 0) + 21 - (-8 - (-60 - -50)).
18
Evaluate 6 - -3 - (3 + (7 - -6)) - -5.
-2
Evaluate -7 + 3 + -2 + (-1 - (1 + -14)).
6
9 + -1 + -30 - -11
-11
Evaluate (-4 - -1) + 2 + 14 + (-38 - -28).
3
123 + -66 + -68 + (3 - (1 - 1))
-8
Calculate 5 - (-4 + 6 + -7 + 9 + 4).
-3
50 + -49 + (5 - 0) + -3 + -8
-5
Evaluate -10 + 0 + -14 + 6 + 14 + 15.
11
What is the value of 16 - (7 - 5) - 18?
-4
What is the value of 0 - -12 - (57 + -50)?
5
What is the value of -7 + 5 + -3 + -2?
-7
257 - 263 - (1 - 1 - 7)
1
What is -16 + (4 + -2 + -19 - -12)?
-21
Evaluate -4 + 6 + (-16 + 25 - 12).
-1
Calculate (6 - 6) + -16 + (8 - (6 + 0)).
-14
What is the value of -8 - (17 - 7 - (1 + 6))?
-11
What is 0 + 8 + (-3 - (1 - -1)) + -13?
-10
Calculate 3 + 0 + 1 + -23 + 7.
-12
What is the value of -2 - (16 - 13) - (-2 - 15 - 0)?
12
What is the value of 223 + -237 + 33 + 2?
21
-8 + (-14 - -8 - (-4 + 6) - -7)
-9
What is the value of -1 - ((1 - 1) + (131 - 131))?
-1
(-1 - -10) + 0 + 0
9
Calculate (-7 - (-11 - 5)) + (1 - 20).
-10
Calculate 5 - (0 + (3 - -2)) - 9.
-9
What is the value of -5 + (3 - (9 + -5)) + 0?
-6
2 + -2 + -72 + 54
-18
What is the value of 2 + 7 + -32 + 24?
1
What is the value of 32 - 23 - (6 + -25)?
28
Calculate (-5 + 3 - (8 - -5)) + 10 - -40.
35
1 + (13 + -12 - 2)
0
(-12 - 1 - -4) + -2 - 7
-18
-25 - -5 - (-85 - -72)
-7
Calculate 1 + (-9 - -1) - (-7 - -8).
-8
What is the value of (4 - (0 + -1)) + (-572 - -555)?
-12
1 + (-25 - (-8 + -17))
1
What is 97 + -104 - (1 + -21 + 3)?
10
What is the value of 13 + -13 + -1 + 3 + -14?
-12
What is (27 - -1) + (-228 - -202)?
2
Evaluate (-19 + -8 + 14 - -19) + -7.
-1
What is the value of -7 - (23 + -5 + -16)?
-9
What is (26 + -44 - 10) + (-1 + 7 - -2)?
-20
(-26 - 3) + -12 - -16 - -10
-15
Calculate 1 + 3 + (10 + 2 - 9 - 6).
1
What is 28 + (-2 - -30 - 82)?
-26
Evaluate (0 - (4 - 0)) + 8 - (19 - 5).
-10
Calculate (-9 + 6 + -4 + 4 - 1) + 3.
-1
What is 3 + (-12 + -7 - -11) + (-1 - 6)?
-12
What is 0 - -2 - (-6 + (5 - 13)) - -6?
22
Calculate -4 - (54 - 25 - 10).
-23
Calculate (2 - 0) + (-5 - -5) - (-11 + 18).
-5
What is (5 - (-10 - -10) - -4) + 13?
22
Evaluate -82 - -85 - (2 + (-2 - 0)).
3
Evaluate 1 + -5 + (34 - (10 + 7)).
13
What is the value of -20 + (-39 - -48) - -48?
37
What is 30 - (-15 - -4 - -37)?
4
What is (-199 - -176) + (-5 - -6) + 3?
-19
Evaluate 22 + 0 + (10 - -14 - 34).
12
What is -32 - -8 - -12 - 4 - 11?
-27
What is -14 - (14 + -17) - (0 + -28)?
17
What is 1 - 9 - (-4 + (7 - 4))?
-7
(-6 - (9 - 5)) + (2 - 6) + 4
-10
Calculate 6 - (-5 + 2 + -3 - (2 - 7)).
7
Calculate (50 - 9) + -34 + 22.
29
Evaluate (2 + 18 - ((18 - 8) + 1)) + 13.
22
Evaluate (-2 - 12) + -5 - (-7 - 1).
-11
What is the value of -4 - (2 - 2) - (-149 + 149)?
-4
Calculate (1 - -11) + -12 + -31 + 55 + -11.
13
Calculate -1 + -11 + (-43 - -53) + -2.
-4
What is the value of (2 - -5 - (8 - (5 - 3))) + -6?
-5
Evaluate 0 - ((-7 + -1 - -2) + (259 - 253)).
0
(32 - (1 + 40)) + -3 + 4
-8
What is the value of (-18 - 14) + 14 + 17?
-1
What is -28 + 23 - (-3 + -2 + 0)?
0
What is -77 + 10 + 31 + 32?
-4
What is the value of -16 + -9 + 39 + 0?
14
Evaluate 2 - (-1 - -2) - ((-21 - 18) + 45).
-5
Calculate 3 + -20 + 6 + 16 + 2 + -2.
5
What is 10 + 18 + -31 + (4 - -11)?
12
Calculate 0 + (-2 - -3) + (13 + -10 - 0).
4
Calculate 5 + (-13 - (-18 + 16)).
-6
What is the value of -8 + 18 + -6 + 12 + -2 + -2?
12
What is the value of 2 - ((1 - 15) + 20)?
-4
4 + (-4 - -5 - 12) - (0 + -16)
9
What is the value of ((-4 - 7) + 6 + -5 - 8) + -10?
-28
Evaluate -21 + (11 - -2) + 1.
-7
What is 12 + 2 + -20 - 0?
-6
What is the value of (-46 - -30 - (-11 + 2)) + 11 + -28?
-24
7 + 10 + -9 + -16 + 1 + 1
-6
-40 + 20 + 7 + -1 + 19
5
What is the value of -7 + (18 + -15 + -10 - (-6 - 0))?
-8
Calculate -11 + 3 - ((-35 - -9) + 9).
9
Evaluate -6 - 4 - -8 - -1.
-1
What is (-2 - 0) + 5 + 0 + 3?
6
17 + 12 + -4 + 11 + -38
-2
What is (35 - 5) + -13 + -12?
5
Calculate -217 + 209 + 11 + 0 + 0.
3
(8 - ((10 - 18) + 21)) + 6
1
What is the value of (209 + -205 - (1 + 17 + 0)) + 4?
-10
Evaluate -7 + -4 - (26 + -49).
12
What is the value of -18 + (-2 - (-4 - 12))?
-4
What is (0 - 10) + (-6 - ((-3 - -7) + -17))?
-3
Calculate -21 - (11 + -27) - (-4 + 2 + -11).
8
What is 17 - (40 + 29 + -32)?
-20
What is 160 + -141 + 1 + -8?
12
What is 11 + (-28 - (0 + -13)) - (-3 + 0)?
-1
What is the value of 0 - -31 - (-73 - -88)?
16
What is the value of 45 - (36 + -16 + 55)?
-30
Evaluate 1 + 7 + -5 - -5 - 14.
-6
Evaluate -8 + (4 + 31 - 16).
11
Calculate -10 + -1 + -7 + -15 + 21.
-12
Evaluate -13 - (-34 + 14) - (2 - 4 - -7).
2
Evaluate (74 - 85) + (23 - -1 - 4) + -4.
5
Evaluate -25 - -18 - (-7 + 6).
-6
Evaluate -10 + 4 - 9 - (12 - 0 - 8).
-19
Calculate -72 + 63 + (-4 - -11) + 16.
14
-1 - (-1 + (-11 - -20 - (2 + 6)))
-1
Evaluate 4 + 0 + (-3 - 27 - (-4 - 5)).
-17
What is the value of (-19 - 1) + (-202 - -217)?
-5
What is the value of 28 + -3 + -30 + -17?
-22
Calculate 29 - (5 + (4 - 12) + 2 + 7).
23
Calculate -1 + 5 - 0 - (1631 - 1616).
-11
What is (21 - 12 - 6) + -8?
-5
Evaluate -24 - (-10 - -1 - (-167 - -153)).
-29
Calculate -11 - (-14 - (-8 - -7 - 3)).
-1
What is the value of 11 - (-1 + -7) - (-21 - (16 - 30))?
26
What is the value of -11 + 19 + 0 + 0 + -7 + -7?
-6
Evaluate 18 + (-17 + 16 - 4).
13
What is 42 + -25 + (-3 - (8 + -6))?
12
What is -10 + (8 + -1 + -1 - (-35 + 36))?
-5
What is 0 - (-4 + 4) - (13 + 1 - 4)?
-10
What is the value of (11863 - 11868) + (-1 - -1) + (-8 - 0)?
-13
Calculate -42 + -2 + -10 + 33.
-21
Calculate 10 + (-9 - (-14 - -16)).
-1
Evaluate 53 - 61 - (2 - 22).
12
12 + (-4 - 12) + -5
-9
Evaluate 13 + 5 - 3 - (-30 - -14).
31
Evaluate -28 - -6 - 1 - -32.
9
What is -5 + (5 - (-6 + 15 + -9))?
0
-10 + (-17 - -15) + 7
-5
What is -44 + 54 + -8 + (-8 - 0)?
-6
Calculate 18 + (-67 - -17) + 27.
-5
Calculate 1 - 0 - (10 + -2 + 0 + 2).
-9
What is (6 - (-2 - -9)) + 4 + 0 + 9?
12
(-12 - -3) + 10 + 4
5
-17 + (10 - (-5 - -5 - -3))
-10
30 + -39 - ((-17 - 2) + 0)
10
What is 1 + -8 + (4 + -5 - 10) - -1?
-17
What is the value of 5 - (-6 + 13 - (16 - 21))?
-7
Calculate -27 + (-38 - -69 - -30).
34
-22 + 10 + (-9 + 0 - -15) + -7
-13
Evaluate 7 + -47 + 35 - 12.
-17
What is the value of -21 - (0 + (-6 + 5 - -6)) - -8?
-18
What is 326 + -345 - (-1 + -25)?
7
What is the value of -2 - ((1 - 1) + 2 + 0 + -2)?
-2
Calculate 4 + 7 + 2 - (-299 - -308).
4
-30 - -1 - (-1659 - -1649